752.
2, 3, 17, 107, 132367
List the prime factors of 552593420.
2, 5, 27629671
List the prime factors of 3489010240.
2, 5, 1523, 7159
List the prime factors of 152557433.
7, 41, 75937
What are the prime factors of 2754855482?
2, 67, 1489, 13807
List the prime factors of 15394669.
1069, 14401
List the prime factors of 73554758.
2, 661, 55639
List the prime factors of 428091773.
17, 25181869
List the prime factors of 4272213.
3, 11, 129461
What are the prime factors of 6129726?
2, 3, 1021621
List the prime factors of 203814142.
2, 7, 14558153
List the prime factors of 43413354.
2, 3, 617, 1303
List the prime factors of 30834484.
2, 7708621
List the prime factors of 266237322.
2, 3, 13, 3413299
What are the prime factors of 240896557?
11, 67, 311, 1051
List the prime factors of 4285305768.
2, 3, 4481, 39847
What are the prime factors of 22372934?
2, 11186467
What are the prime factors of 428689477?
193, 233, 9533
What are the prime factors of 231648632?
2, 59, 271, 1811
What are the prime factors of 2511777745?
5, 37, 79, 171863
What are the prime factors of 429202578?
2, 3, 7, 307, 33287
What are the prime factors of 741523577?
83, 8934019
List the prime factors of 334981095.
3, 5, 443, 50411
What are the prime factors of 40886774?
2, 20443387
What are the prime factors of 29235999?
3, 13, 749641
List the prime factors of 82574566.
2, 41287283
List the prime factors of 1728014486.
2, 11, 4517, 17389
What are the prime factors of 755224232?
2, 7, 31, 435037
List the prime factors of 95810671.
11, 8710061
List the prime factors of 632933201.
89, 1669, 4261
What are the prime factors of 52921848?
2, 3, 7, 315011
What are the prime factors of 38940165?
3, 5, 11, 97, 811
List the prime factors of 63481074.
2, 3, 10580179
List the prime factors of 1230863004.
2, 3, 7, 4884377
What are the prime factors of 216011564?
2, 54002891
What are the prime factors of 448951378?
2, 29, 7740541
List the prime factors of 242242025.
5, 9689681
List the prime factors of 559655060.
2, 5, 27982753
What are the prime factors of 384341756?
2, 29, 3313291
What are the prime factors of 3380737971?
3, 13, 263, 329603
List the prime factors of 333348474.
2, 3, 55558079
What are the prime factors of 239936542?
2, 3457, 34703
List the prime factors of 2314721007.
3, 439, 585857
What are the prime factors of 729817525?
5, 863, 33827
List the prime factors of 107387032.
2, 3251, 4129
List the prime factors of 67099667.
1481, 45307
List the prime factors of 38414492.
2, 17, 564919
What are the prime factors of 843822748?
2, 210955687
What are the prime factors of 131976424?
2, 31, 532163
List the prime factors of 52709567.
769, 68543
List the prime factors of 9166206.
2, 3, 7, 41, 5323
List the prime factors of 77261987.
11, 71, 98927
What are the prime factors of 126539047?
491, 257717
What are the prime factors of 1370296391?
101, 13567291
What are the prime factors of 114154894?
2, 7, 1999, 4079
What are the prime factors of 1640046548?
2, 7, 58573091
List the prime factors of 1037102367.
3, 7, 49385827
List the prime factors of 7933564964.
2, 13, 17, 1901, 4721
List the prime factors of 110741132.
2, 4523, 6121
What are the prime factors of 735186344?
2, 91898293
What are the prime factors of 4874965668?
2, 3, 45138571
What are the prime factors of 311622917?
37, 8422241
What are the prime factors of 647474336?
2, 20233573
List the prime factors of 232257424.
2, 7, 811, 2557
List the prime factors of 2906256099.
3, 968752033
What are the prime factors of 218299474?
2, 19, 53, 107, 1013
What are the prime factors of 89727944?
2, 11215993
List the prime factors of 2413571319.
3, 268174591
What are the prime factors of 1604198989?
1604198989
List the prime factors of 10633138.
2, 5316569
List the prime factors of 132149014.
2, 5227, 12641
List the prime factors of 52129340.
2, 5, 1181, 2207
What are the prime factors of 117869220?
2, 3, 5, 7, 139, 673
List the prime factors of 744524777.
744524777
List the prime factors of 1808335990.
2, 5, 223, 810913
List the prime factors of 141504450.
2, 3, 5, 943363
List the prime factors of 69400040.
2, 5, 1735001
List the prime factors of 202574732.
2, 19, 131, 20347
List the prime factors of 361421898.
2, 3, 223, 270121
List the prime factors of 1565937807.
3, 7, 883, 84449
What are the prime factors of 4030602798?
2, 3, 103, 6522011
List the prime factors of 4885319.
4885319
List the prime factors of 29774416.
2, 7, 29, 89, 103
List the prime factors of 652416018.
2, 3, 31, 71, 127, 389
List the prime factors of 1190142574.
2, 61, 67, 145601
List the prime factors of 65702931.
3, 7, 19, 59, 2791
What are the prime factors of 50866784?
2, 31, 47, 1091
List the prime factors of 87173377.
87173377
What are the prime factors of 55745304?
2, 3, 653, 3557
What are the prime factors of 78287279?
7, 11183897
What are the prime factors of 12006797?
11, 1091527
List the prime factors of 845525181.
3, 4483, 62869
What are the prime factors of 27588573?
3, 1021799
What are the prime factors of 1235618313?
3, 411872771
What are the prime factors of 15752617?
15752617
List the prime factors of 1523600458.
2, 127, 5998427
What are the prime factors of 692924984?
2, 19, 4558717
List the prime factors of 196445893.
7, 28063699
What are the prime factors of 261492210?
2, 3, 5, 7, 269, 1543
What are the prime factors of 11438031?
3, 11, 346607
What are the prime factors of 4884452721?
3, 19, 31, 251, 3671
List the prime factors of 184311035.
5, 36862207
List the prime factors of 1044721678.
2, 7, 11, 13, 107, 4877
What are the prime factors of 127213939?
41, 53, 58543
What are the prime factors of 141520024?
2, 17690003
What are the prime factors of 1673926720?
2, 5, 5231021
List the prime factors of 36047031.
3, 12015677
What are the prime factors of 14045977?
11, 37, 34511
What are the prime factors of 2145751722?
2, 3, 1471709
List the prime factors of 1115624017.
79, 137, 103079
What are the prime factors of 524971059?
3, 37, 47, 2141
List the prime factors of 8232412.
2, 2058103
List the prime factors of 337764580.
2, 5, 211, 80039
What are the prime factors of 37194168?
2, 3, 11, 89, 1583
List the prime factors of 2101739321.
11, 19, 607, 16567
What are the prime factors of 7856470638?
2, 3, 101, 211, 6827
What are the prime factors of 1280721548?
2, 29, 11040703
List the prime factors of 97253608.
2, 12156701
What are the prime factors of 142958746?
2, 7, 17, 43, 61, 229
List the prime factors of 144836965.
5, 7, 13, 318323
What are the prime factors of 101899321?
1987, 51283
List the prime factors of 24196736.
2, 23, 8219
What are the prime factors of 730698756?
2, 3, 73, 834131
List the prime factors of 768803362.
2, 2423, 158647
List the prime factors of 10024869.
3, 41, 149, 547
What are the prime factors of 13596855?
3, 5, 17, 71, 751
List the prime factors of 12958150.
2, 5, 259163
What are the prime factors of 47249331?
3, 15749777
List the prime factors of 12458116.
2, 11, 283139
What are the prime factors of 355024430?
2, 5, 17, 233, 8963
What are the prime factors of 458157657?
3, 41, 3724859
List the prime factors of 134006225.
5, 257, 20857
List the prime factors of 801870233.
1583, 506551
What are the prime factors of 9978116?
2, 17, 19, 7723
What are the prime factors of 202728868?
2, 67, 433, 1747
List the prime factors of 1013440999.
103, 293, 33581
What are the prime factors of 2000685485?
5, 400137097
What are the prime factors of 1043078624?
2, 7, 1187, 3923
List the prime factors of 1968791366.
2, 47, 4007, 5227
What are the prime factors of 196143466?
2, 98071733
What are the prime factors of 339524652?
2, 3, 28293721
List the prime factors of 39515412.
2, 3, 17, 193703
What are the prime factors of 36042976?
2, 1126343
What are the prime factors of 1681552960?
2, 5, 17, 309109
List the prime factors of 1296856446.
2, 3, 5897, 36653
What are the prime factors of 232097053?
232097053
What are the prime factors of 751492585?
5, 150298517
List the prime factors of 779212592.
2, 48700787
What are the prime factors of 1442784840?
2, 3, 5, 7, 823, 2087
List the prime factors of 56717554.
2, 28358777
List the prime factors of 5464544984.
2, 683068123
What are the prime factors of 937526817?
3, 449, 457, 1523
List the prime facto